 o(14). Suppose u - 2*u = n. List the prime factors of (0 + -13 + 2)*u.
11
Let k(z) be the third derivative of z**6/120 + z**5/60 + z**4/8 + z**3/3 + 3*z**2. Let c be k(-2). What are the prime factors of (-4)/c*8 - -3?
7
Suppose 23 + 19 = 2*q. Suppose -3555 = 6*k - q*k. List the prime factors of k.
3, 79
Let c be (1 - (-1804)/(-20))/((-6)/15). Suppose 600 - c = 3*f + 2*o, -3*f + 4*o = -407. What are the prime factors of f?
3, 43
Let t = 96 - 26. Suppose 0 = -5*c - 25, b = -0*b - c - 3. Suppose -3*d + t = -w, d - b*d - 5*w = -18. List the prime factors of d.
23
Let u be 1054/30 + 20/(-150). Let j be (-3)/2 + u/10. Let l(a) = 9*a**2 + 4*a - 3. List the prime factors of l(j).
41
Let o be 3/(-9) - 26/(-6). Suppose -o*m - 332 = -6*m. Suppose 36 = -5*h + m. What are the prime factors of h?
2, 13
Let a be (5/(-5))/(1/(-65)). Let u = a + 9. What are the prime factors of u?
2, 37
Let t(f) = 8*f - 4*f + 113 + 10*f - 162. What are the prime factors of t(6)?
5, 7
Let p(z) = -z**2 - 4*z + 9. Let v be p(-5). Let f(c) = 6*c**2 - 3*c + 2. Let i be f(2). What are the prime factors of 355/i - 3/v?
17
List the prime factors of (-2 - 2)*(18060/(-8))/15.
2, 7, 43
Let d(m) be the second derivative of m**5/20 + 5*m**4/3 + 17*m**3/6 - 4*m**2 - 16*m. What are the prime factors of d(-19)?
2, 3, 5
Let y(d) = 8*d**3 - 5*d**2 + 26*d - 24. What are the prime factors of y(6)?
2, 3, 5, 7
Let j be 2/(-4) - 9/(-2). Suppose 0 = 2*b - i - 13, 0*b + 2*b - 2*i - 16 = 0. Suppose 5*s = b*f + 75, j*s - s - 33 = -f. List the prime factors of s.
2, 3
Suppose -5*h + 20 = 5*g - g, -25 = -5*g - 5*h. Suppose 4*l = -p + 5*p - 4, -g*p = -3*l - 5. Let j(f) = -f**3 + f + 12. What are the prime factors of j(l)?
2, 3
Suppose -17692 + 2303 = -11*c. What are the prime factors of c?
1399
Let n = -12 + 17. Suppose 33 = 2*b + 2*b - n*w, -30 = -4*b + 2*w. Let s = b + -3. What are the prime factors of s?
2
Suppose -8*i + 4 = 12. List the prime factors of (-6)/(-3) + i + 111.
2, 7
Suppose 3*j = j + 5*t + 5754, 2*j - t - 5770 = 0. What are the prime factors of j?
2887
Let s be (-5)/15 + 12/9. Suppose 0 = 5*y - 26 + s. List the prime factors of y.
5
Let s = 321 - -1302. What are the prime factors of s?
3, 541
Let o = 3168 - 1720. List the prime factors of o.
2, 181
Suppose 20*s - 361 = s. What are the prime factors of s?
19
Suppose 4*m = -3*s + 1232, 5*m - 9*m + s = -1232. What are the prime factors of m?
2, 7, 11
Suppose 8 = -4*j, -5*j + 6 = -5*r + 1. Let o = r + 65. List the prime factors of o.
2, 31
Suppose 3*y = -n + 3361, 0*n - 1127 = -y - 2*n. Let d be 1/4 + y/(-12). What are the prime factors of (-4)/(-16) + d/(-12)?
2
Let o = 47 + 428. What are the prime factors of o?
5, 19
Let w = 39 + -38. Let j be ((-42)/30)/(w/(-5)). List the prime factors of 1 + -3 - (-308)/j.
2, 3, 7
Let z(r) = 6*r**2 + 4*r - 15. Let d be z(-6). Let i = 300 - d. List the prime factors of i.
3, 41
Let a(l) = -61*l - 27. What are the prime factors of a(-2)?
5, 19
Suppose 0 = 7*p - 10*p + 9. Suppose -664 = -p*w - 1. What are the prime factors of w?
13, 17
Let s(w) = -3*w**2 + 7*w - 5. Let d be s(4). Let l = 29 + d. What are the prime factors of (3 - l)*3*-12?
2, 3
Let q be 1 + 0*(-2)/8. Suppose -5*r = 5*i - 20, -5*i + 3*i + 2 = -r. Suppose -r*y + q = -13. List the prime factors of y.
7
Let z(n) be the third derivative of -n**5/60 - n**4/3 - n**3 + 11*n**2. Let d be z(-4). Suppose -u = -64 + d. What are the prime factors of u?
2, 3
Let c = -20 + 33. Suppose 22*v = c*v + 477. What are the prime factors of v?
53
Suppose f + 3*f = 0. List the prime factors of (f - -22)*115/46.
5, 11
Let z(c) = 33*c + 2 - 5 - 40*c + 0 - 13*c**2 + c**3. What are the prime factors of z(14)?
5, 19
Suppose 6*y + 17*y = 5014. List the prime factors of y.
2, 109
Suppose 0 = -11*d + 8*d + 6. Let k(w) = -w**3 - w**2 + 2*w - 2. Let i be k(d). Let f(b) = -b**2 - 13*b + 22. List the prime factors of f(i).
2, 13
Suppose -i + 37925 = 24*i. List the prime factors of i.
37, 41
Suppose -n - 953 = -4*o, 11 = 5*n - 4. What are the prime factors of o?
239
Let v(h) = h**2 - 4*h**2 - 2*h + 2*h**2 + 68 + h**3. Suppose 12 = 4*b - 3*p, 3*b - 9*p + 12 = -12*p. List the prime factors of v(b).
2, 17
What are the prime factors of (-4*(-21)/(-18))/((-1)/93)?
2, 7, 31
Let x = -99 - -423. List the prime factors of x.
2, 3
Let h = -64 - -61. What are the prime factors of ((-12)/8)/(h/18)?
3
Let h = 6 + -3. Suppose h*d + 16 = 1. Let f(x) = -5*x - 10. List the prime factors of f(d).
3, 5
Let o be 52858/39 - (-4)/6. List the prime factors of o/8*(-4)/(-3).
2, 113
What are the prime factors of 1010/(3 - 1) - -5?
2, 3, 5, 17
Let z(w) = -105*w**3 + w. Let x be z(-1). Suppose 0 = 7*l - 6*l - x. What are the prime factors of l?
2, 13
Suppose -6*o - 5*n - 8401 = -9*o, 5*n = -5*o + 13935. What are the prime factors of o?
2, 349
What are the prime factors of 198/4 - (-5)/(-40)*-4?
2, 5
Let j(m) = -6 + m + 2*m + 7. Let h be j(-1). What are the prime factors of (-6 - -4) + (12 - h)?
2, 3
Let l = 759 + -43. List the prime factors of l.
2, 179
Let m = 9 - 9. Let r be m + (6 + 0)*-13. What are the prime factors of (-3*1)/(13/r)?
2, 3
Let o be (4/10)/(3/(105/14)). List the prime factors of (((-8)/20)/o)/(4/(-380)).
2, 19
Suppose -5*m = 138 + 22. Let a = m + 53. List the prime factors of a.
3, 7
Let x(o) = 290*o**2 + 4*o - 1. List the prime factors of x(1).
293
List the prime factors of 18*44 + (56 - 47).
3, 89
Let a(i) = 68*i**3 - i**2 - 3*i + 48. List the prime factors of a(4).
2, 1093
Suppose 1360 = 5*c - 3*m, 8*c - 528 = 6*c - 2*m. List the prime factors of c.
269
Let q = -1192 + 1625. List the prime factors of q.
433
Let t(h) = -11*h - 11. Let f(w) = -w - 1. Let j(p) = -5*f(p) + t(p). List the prime factors of j(-11).
2, 3, 5
Let z(a) = -180*a + 49. What are the prime factors of z(-3)?
19, 31
Let y be (-5 + 225/18)*4/(-6). What are the prime factors of 207 + (y - 0) + 2?
2, 3, 17
Suppose -29*v = 45*v - 204166. What are the prime factors of v?
31, 89
Suppose -1288 = 5*r - 13*r. Let t = -16 + r. List the prime factors of t.
5, 29
Suppose q = 2*q - 2*g + 3, -3*g - 8 = -4*q. Let m(f) = 2*f**2 - 3*f + 1. What are the prime factors of m(q)?
2, 3
Let y(u) = 25*u + 33. What are the prime factors of y(10)?
283
Suppose 2*w + 14 = -4*k, 3*w - 5*k = 34 - 0. Suppose w*o + 2 = 11. Suppose -3 = -2*l + q, 5*l - o*q = -0*l + 5. What are the prime factors of l?
2
Suppose 895*p = 899*p - 580. What are the prime factors of p?
5, 29
Let t = -4 - -6. Suppose -22 = z - 2*z - u, -4*u + 40 = t*z. What are the prime factors of z?
2, 3
Let g = -14 + 18. Suppose 157 = 2*o + 4*c - c, g*c - 162 = -2*o. What are the prime factors of o?
71
Let s = 1633 - 461. List the prime factors of s.
2, 293
Let u be -5*(-4)/80 + (-13)/4. List the prime factors of 184/((-1)/(-4 - u)).
2, 23
Let d(h) be the second derivative of h**5/20 + 7*h**4/12 - 11*h**3/6 - 5*h**2/2 - h. Let m be (-45)/60 + (-29)/4. What are the prime factors of d(m)?
19
Let f(n) = -136*n + 831. List the prime factors of f(-13).
23, 113
Suppose -6*x + 11 = -13. Suppose -162 = -x*i + 78. List the prime factors of i.
2, 3, 5
Let h = 18 + -16. Let g = 4 + h. Suppose g = -2*u, 0*y + 4*y - 4*u = 48. List the prime factors of y.
3
Let a = 10 + -9. Let r be a/(-3) + 34/(-6). Let p = r + 14. List the prime factors of p.
2
Let w(i) = -3*i**2 + 2*i + 7. Let b(p) be the second derivative of -p**4/3 + p**3/6 + 4*p**2 - 3*p. Let r(m) = 2*b(m) - 3*w(m). List the prime factors of r(-4).
3
Let g(s) = -s. Let a(y) = y**2 + 10*y + 13. Let f = 13 + -11. Let l(b) = f*g(b) - a(b). What are the prime factors of l(-6)?
23
Suppose 29*u - 27*u + 4*j - 4474 = 0, -u - j + 2238 = 0. List the prime factors of u.
2239
List the prime factors of 51/85 - (-24351)/15.
2, 7, 29
What are the prime factors of (-8782)/1*(3 - -9)/(-24)?
4391
Let j(k) be the third derivative of 4*k**5/15 + 5*k**4/24 - 2*k**3/3 - 33*k**2. List the prime factors of j(3).
5, 31
Let j = 378 - -68. What are the prime factors of j?
2, 223
Let x(o) = -36*o + 20. What are the prime factors of x(-4)?
2, 41
Suppose -981 = -c + 624. What are the prime factors of c?
3, 5, 107
Suppose -4*g + 51 = -2*t + 145, 2*g + 5*t + 53 = 0. Suppose 0 = -i + 5*w + 19, 0 = -w + 4. Let q = g + i. What are the prime factors of q?
3, 5
Let i be 3*(-2